47
What are the prime factors of 190344462?
2, 3, 7, 11, 412001
What are the prime factors of 8923611?
3, 103, 28879
List the prime factors of 201730102.
2, 7, 23, 127, 4933
What are the prime factors of 910297706?
2, 455148853
What are the prime factors of 1624149?
3, 113, 1597
List the prime factors of 1506499567.
1279, 1177873
What are the prime factors of 288920736?
2, 3, 13, 29, 887
What are the prime factors of 96332171?
13, 29, 255523
List the prime factors of 976521743.
1559, 626377
List the prime factors of 38633613.
3, 59, 167, 1307
List the prime factors of 113802434.
2, 103, 331, 1669
What are the prime factors of 771628055?
5, 11, 211, 66491
What are the prime factors of 1788126905?
5, 357625381
List the prime factors of 137644874.
2, 103, 668179
What are the prime factors of 108687375?
3, 5, 17, 5683
List the prime factors of 76219186.
2, 37, 1029989
What are the prime factors of 104560827?
3, 7, 83, 239, 251
What are the prime factors of 249836337?
3, 27759593
What are the prime factors of 2990439270?
2, 3, 5, 7, 13, 121711
What are the prime factors of 35689588?
2, 11, 811127
List the prime factors of 739434423.
3, 7, 13, 2708551
What are the prime factors of 297349831?
297349831
What are the prime factors of 51225600?
2, 3, 5, 23, 29
List the prime factors of 11016050.
2, 5, 53, 4157
What are the prime factors of 30500364?
2, 3, 2541697
What are the prime factors of 13639089?
3, 59, 251, 307
List the prime factors of 82446835.
5, 23, 716929
What are the prime factors of 411450259?
11, 31, 359, 3361
List the prime factors of 517899871.
11317, 45763
What are the prime factors of 72109957?
2557, 28201
List the prime factors of 246869228.
2, 29, 2128183
List the prime factors of 615165630.
2, 3, 5, 3923, 5227
List the prime factors of 44404347.
3, 13, 101, 11273
List the prime factors of 6873511233.
3, 2291170411
List the prime factors of 1147198726.
2, 17, 33741139
What are the prime factors of 162527235?
3, 5, 13, 19, 43867
List the prime factors of 962367390.
2, 3, 5, 101, 105871
What are the prime factors of 95112649?
73, 431, 3023
List the prime factors of 589287312.
2, 3, 223, 2039
What are the prime factors of 367193317?
1283, 286199
List the prime factors of 1175305794.
2, 3, 13, 29, 519587
What are the prime factors of 2958555468?
2, 3, 11, 227, 98737
List the prime factors of 253065027.
3, 61, 149, 9281
List the prime factors of 456820656.
2, 3, 103, 92399
List the prime factors of 62423258.
2, 31211629
List the prime factors of 3292896871.
11, 43, 149, 46723
List the prime factors of 274956164.
2, 7, 17, 577639
What are the prime factors of 29383940?
2, 5, 1469197
List the prime factors of 210663360.
2, 3, 5, 193, 379
What are the prime factors of 121869043?
59, 2065577
What are the prime factors of 71361080?
2, 5, 7, 43, 5927
List the prime factors of 237353659.
237353659
List the prime factors of 824000562.
2, 3, 7, 11, 1103
List the prime factors of 60117656.
2, 1193, 6299
What are the prime factors of 570684715?
5, 114136943
List the prime factors of 86404708.
2, 13, 1661629
List the prime factors of 53334856.
2, 139, 47963
List the prime factors of 45273145.
5, 9054629
List the prime factors of 290318168.
2, 7, 5184253
List the prime factors of 2142863488.
2, 16741121
List the prime factors of 39330907.
7, 11, 353, 1447
What are the prime factors of 341032985?
5, 68206597
What are the prime factors of 111516053?
11, 1031, 9833
What are the prime factors of 173520480?
2, 3, 5, 7, 43, 1201
List the prime factors of 971880561.
3, 3463, 31183
List the prime factors of 1637199862.
2, 61, 1861, 7211
List the prime factors of 5199099126.
2, 3, 13, 43, 1550119
List the prime factors of 35758679.
11, 3250789
List the prime factors of 43666566.
2, 3, 7277761
List the prime factors of 1266017190.
2, 3, 5, 5101, 8273
List the prime factors of 7967489.
29, 41, 6701
What are the prime factors of 1033880954?
2, 59, 8761703
What are the prime factors of 417441860?
2, 5, 11, 83, 22861
What are the prime factors of 2142763789?
23, 157, 593399
List the prime factors of 52227987.
3, 7, 2487047
List the prime factors of 152192554.
2, 5563, 13679
List the prime factors of 91765030.
2, 5, 7, 911, 1439
List the prime factors of 1247260829.
727, 1715627
What are the prime factors of 2874575?
5, 11, 10453
List the prime factors of 24836946.
2, 3, 4139491
What are the prime factors of 1677939425?
5, 631, 106367
List the prime factors of 934349103.
3, 67, 1549501
List the prime factors of 2229692540.
2, 5, 7517, 14831
What are the prime factors of 110612989?
29, 521, 7321
What are the prime factors of 707396?
2, 176849
What are the prime factors of 109265588?
2, 37, 673, 1097
What are the prime factors of 405952068?
2, 3, 31, 1091269
List the prime factors of 122141671.
19, 263, 24443
List the prime factors of 123596806.
2, 61798403
List the prime factors of 25725281.
25725281
List the prime factors of 185503515.
3, 5, 103, 120067
What are the prime factors of 6796962?
2, 3, 29, 449
What are the prime factors of 970165522?
2, 31, 149, 105019
What are the prime factors of 383804555?
5, 157, 347, 1409
What are the prime factors of 1244507527?
1244507527
What are the prime factors of 61575056?
2, 113, 34057
List the prime factors of 228177810.
2, 3, 5, 7, 5749
List the prime factors of 1266114799.
19, 29, 2297849
What are the prime factors of 951783687?
3, 8699, 12157
What are the prime factors of 970290624?
2, 3, 5053597
What are the prime factors of 1802713651?
151, 11938501
List the prime factors of 61915144.
2, 79, 97967
What are the prime factors of 197965730?
2, 5, 19796573
What are the prime factors of 4632100?
2, 5, 11, 4211
List the prime factors of 2425748892.
2, 3, 7, 59, 489457
List the prime factors of 3774076118.
2, 23, 82045133
List the prime factors of 707539361.
29, 521, 46829
List the prime factors of 149364016.
2, 19, 491329
What are the prime factors of 7202086?
2, 3601043
List the prime factors of 417815401.
23, 3109, 5843
List the prime factors of 2101942617.
3, 700647539
List the prime factors of 85016121.
3, 37, 313, 2447
List the prime factors of 32798154.
2, 3, 5466359
List the prime factors of 3563638165.
5, 37, 263, 73243
List the prime factors of 704884121.
29, 167, 145547
What are the prime factors of 261222512?
2, 16326407
List the prime factors of 74435156.
2, 313, 59453
List the prime factors of 1419909426.
2, 3, 13, 29, 67, 347
List the prime factors of 73159751.
7, 2251, 4643
List the prime factors of 98270232.
2, 3, 47, 87119
List the prime factors of 656323478.
2, 8231, 39869
List the prime factors of 292645107.
3, 107, 303889
What are the prime factors of 1743141577?
647, 2694191
What are the prime factors of 2516642915?
5, 503328583
List the prime factors of 2309239772.
2, 7, 82472849
What are the prime factors of 899648113?
7, 13, 9886243
What are the prime factors of 253055348?
2, 7, 13, 695207
What are the prime factors of 934268607?
3, 31, 103, 10837
List the prime factors of 51732328.
2, 499, 12959
What are the prime factors of 60943426?
2, 109, 279557
List the prime factors of 582349031.
11, 19, 37, 75307
What are the prime factors of 937072493?
7, 163, 199, 4127
What are the prime factors of 2707723910?
2, 5, 29, 9336979
List the prime factors of 156785643.
3, 7, 50789
What are the prime factors of 59259920?
2, 5, 740749
What are the prime factors of 69904907?
31, 139, 16223
What are the prime factors of 287788892?
2, 761, 94543
What are the prime factors of 194742043?
194742043
List the prime factors of 34379838.
2, 3, 1909991
What are the prime factors of 534672901?
7, 19, 107, 37571
What are the prime factors of 5611811098?
2, 281, 9985429
What are the prime factors of 876314514?
2, 3, 146052419
List the prime factors of 30964973.
13, 17, 167, 839
What are the prime factors of 13974093?
3, 7, 107, 691
List the prime factors of 198185369.
3557, 55717
What are the prime factors of 980527594?
2, 101, 109, 44533
List the prime factors of 282868138.
2, 7, 73, 276779
What are the prime factors of 120842209?
120842209
What are the prime factors of 15289299?
3, 907, 1873
What are the prime factors of 4593121322?
2, 151, 15209011
What are the prime factors of 72184079?
11, 73, 241, 373
List the prime 